{"id":676,"date":"2023-07-28T11:17:47","date_gmt":"2023-07-28T11:17:47","guid":{"rendered":"http:\/\/lizboninsaat.com\/?page_id=676"},"modified":"2023-08-30T13:22:46","modified_gmt":"2023-08-30T13:22:46","slug":"misyonumuz","status":"publish","type":"page","link":"http:\/\/lizboninsaat.com\/index.php\/misyonumuz\/","title":{"rendered":"Misyonumuz"},"content":{"rendered":"\t\t<div data-elementor-type=\"wp-page\" data-elementor-id=\"676\" class=\"elementor elementor-676\">\n\t\t\t\t\t\t\t\t\t<section class=\"elementor-section elementor-top-section elementor-element elementor-element-3af98b33 elementor-section-boxed elementor-section-height-default elementor-section-height-default\" data-id=\"3af98b33\" data-element_type=\"section\" data-settings=\"{&quot;background_background&quot;:&quot;classic&quot;}\">\n\t\t\t\t\t\t\t<div class=\"elementor-background-overlay\"><\/div>\n\t\t\t\t\t\t\t<div class=\"elementor-container elementor-column-gap-default\">\n\t\t\t\t\t<div class=\"elementor-column elementor-col-50 elementor-top-column elementor-element elementor-element-5ebca097\" data-id=\"5ebca097\" data-element_type=\"column\">\n\t\t\t<div class=\"elementor-widget-wrap elementor-element-populated\">\n\t\t\t\t\t\t\t\t<div class=\"elementor-element elementor-element-254e313b elementor-widget elementor-widget-heading\" data-id=\"254e313b\" data-element_type=\"widget\" data-widget_type=\"heading.default\">\n\t\t\t\t<div class=\"elementor-widget-container\">\n\t\t\t<style>\/*! elementor - v3.14.0 - 26-06-2023 *\/\n.elementor-heading-title{padding:0;margin:0;line-height:1}.elementor-widget-heading .elementor-heading-title[class*=elementor-size-]>a{color:inherit;font-size:inherit;line-height:inherit}.elementor-widget-heading .elementor-heading-title.elementor-size-small{font-size:15px}.elementor-widget-heading .elementor-heading-title.elementor-size-medium{font-size:19px}.elementor-widget-heading .elementor-heading-title.elementor-size-large{font-size:29px}.elementor-widget-heading .elementor-heading-title.elementor-size-xl{font-size:39px}.elementor-widget-heading .elementor-heading-title.elementor-size-xxl{font-size:59px}<\/style><h2 class=\"elementor-heading-title elementor-size-default\">Misyonumuz<\/h2>\t\t<\/div>\n\t\t\t\t<\/div>\n\t\t\t\t<div class=\"elementor-element elementor-element-2a14fa8c elementor-widget elementor-widget-text-editor\" data-id=\"2a14fa8c\" data-element_type=\"widget\" data-widget_type=\"text-editor.default\">\n\t\t\t\t<div class=\"elementor-widget-container\">\n\t\t\t<style>\/*! elementor - v3.14.0 - 26-06-2023 *\/\n.elementor-widget-text-editor.elementor-drop-cap-view-stacked .elementor-drop-cap{background-color:#69727d;color:#fff}.elementor-widget-text-editor.elementor-drop-cap-view-framed .elementor-drop-cap{color:#69727d;border:3px solid;background-color:transparent}.elementor-widget-text-editor:not(.elementor-drop-cap-view-default) .elementor-drop-cap{margin-top:8px}.elementor-widget-text-editor:not(.elementor-drop-cap-view-default) .elementor-drop-cap-letter{width:1em;height:1em}.elementor-widget-text-editor .elementor-drop-cap{float:left;text-align:center;line-height:1;font-size:50px}.elementor-widget-text-editor .elementor-drop-cap-letter{display:inline-block}<\/style>\t\t\t\t<p><strong>Lizbon \u0130n\u015faat<\/strong> olarak, in\u015faat sekt\u00f6r\u00fcnde \u00f6nc\u00fc bir rol oynamay\u0131 ve m\u00fc\u015fterilerimize kaliteli hizmetler sunmay\u0131 misyon edinmekteyiz. Misyonumuz, m\u00fc\u015fteri memnuniyetini en \u00fcst d\u00fczeyde tutarak, g\u00fcvenilir, yenilik\u00e7i ve s\u00fcrd\u00fcr\u00fclebilir in\u015faat \u00e7\u00f6z\u00fcmleri sunmak ve projelerimizi zaman\u0131nda ve b\u00fct\u00e7eye uygun bir \u015fekilde tamamlamakt\u0131r.<br \/><strong>M\u00fc\u015fteri Memnuniyeti:<\/strong> M\u00fc\u015fterilerimizin ihtiya\u00e7lar\u0131n\u0131 anlamak ve beklentilerini a\u015fmak i\u00e7in \u00e7aba g\u00f6steririz. M\u00fc\u015fterilerimizin projelerimizden memnun ayr\u0131lmalar\u0131n\u0131 sa\u011flamak i\u00e7in kaliteli malzemeler kullan\u0131r, uzman ekibimizle i\u015fbirli\u011fi yapar ve s\u00fcrekli ileti\u015fim halinde oluruz.<br \/><strong>G\u00fcvenilirlik:<\/strong> \u0130n\u015faat sekt\u00f6r\u00fcnde g\u00fcvenilir bir marka olmay\u0131 hedefleriz. \u0130\u015f eti\u011fi, d\u00fcr\u00fcstl\u00fck ve \u015feffafl\u0131k ilkelerine ba\u011fl\u0131 kalarak m\u00fc\u015fterilerimizin bize olan g\u00fcvenini kazan\u0131r\u0131z. S\u00f6z verdi\u011fimiz i\u015fleri zaman\u0131nda tamamlar, s\u00f6zle\u015fmelere uygun hareket eder ve m\u00fc\u015fterilerimize g\u00fcvenilir bir i\u015fbirli\u011fi deneyimi sunar\u0131z.<br \/><strong>Yenilik\u00e7ilik:<\/strong> S\u00fcrekli olarak sekt\u00f6rdeki yenilikleri takip eder ve en son teknolojileri kullanarak projelerimize de\u011fer katar\u0131z. Yarat\u0131c\u0131 \u00e7\u00f6z\u00fcmler \u00fcretir, verimlili\u011fi art\u0131ran y\u00f6ntemleri uygular ve s\u00fcrd\u00fcr\u00fclebilirlik ilkelerini benimseriz. \u0130n\u015faat s\u00fcre\u00e7lerini optimize ederken \u00e7evresel etkileri minimize etmeye \u00f6zen g\u00f6steririz.<br \/><strong>S\u00fcrd\u00fcr\u00fclebilirlik:<\/strong> Gelecek nesillere ya\u015fanabilir bir d\u00fcnya b\u0131rakmay\u0131 hedefleriz. Proje planlamas\u0131 ve uygulamas\u0131nda \u00e7evresel fakt\u00f6rleri dikkate al\u0131r, enerji verimlili\u011fine odaklan\u0131r ve do\u011fal kaynaklar\u0131 etkili bir \u015fekilde kullan\u0131r\u0131z. S\u00fcrd\u00fcr\u00fclebilir malzemeleri tercih eder, geri d\u00f6n\u00fc\u015f\u00fcm\u00fc te\u015fvik eder ve \u00e7evre dostu uygulamalar\u0131 benimseriz.<br \/><strong>Ekip \u00c7al\u0131\u015fmas\u0131:<\/strong> Ba\u015far\u0131y\u0131, uyumlu bir ekip \u00e7al\u0131\u015fmas\u0131yla elde ederiz. Nitelikli ve deneyimli bir ekip olu\u015fturur, yetenekleri geli\u015ftirir ve i\u015fbirli\u011fi ruhunu te\u015fvik ederiz. Bilgi payla\u015f\u0131m\u0131, ileti\u015fim ve kar\u015f\u0131l\u0131kl\u0131 destek temel prensiplerimizdir.<\/p>\t\t\t\t\t\t<\/div>\n\t\t\t\t<\/div>\n\t\t\t\t\t<\/div>\n\t\t<\/div>\n\t\t\t\t<div class=\"elementor-column elementor-col-50 elementor-top-column elementor-element elementor-element-ab57b55\" data-id=\"ab57b55\" data-element_type=\"column\">\n\t\t\t<div class=\"elementor-widget-wrap elementor-element-populated\">\n\t\t\t\t\t\t\t\t<section class=\"elementor-section elementor-inner-section elementor-element elementor-element-3c6b2552 elementor-section-boxed elementor-section-height-default elementor-section-height-default\" data-id=\"3c6b2552\" data-element_type=\"section\">\n\t\t\t\t\t\t<div class=\"elementor-container elementor-column-gap-default\">\n\t\t\t\t\t<div class=\"elementor-column elementor-col-50 elementor-inner-column elementor-element elementor-element-183e7225\" data-id=\"183e7225\" data-element_type=\"column\">\n\t\t\t<div class=\"elementor-widget-wrap elementor-element-populated\">\n\t\t\t\t\t\t\t\t<div class=\"elementor-element elementor-element-381283d5 elementor-widget elementor-widget-image\" data-id=\"381283d5\" data-element_type=\"widget\" data-widget_type=\"image.default\">\n\t\t\t\t<div class=\"elementor-widget-container\">\n\t\t\t<style>\/*! elementor - v3.14.0 - 26-06-2023 *\/\n.elementor-widget-image{text-align:center}.elementor-widget-image a{display:inline-block}.elementor-widget-image a img[src$=\".svg\"]{width:48px}.elementor-widget-image img{vertical-align:middle;display:inline-block}<\/style>\t\t\t\t\t\t\t\t\t\t\t\t<img decoding=\"async\" src=\"http:\/\/lizboninsaat.com\/wp-content\/uploads\/2023\/07\/cizgi.png\" title=\"\" alt=\"\" loading=\"lazy\" \/>\t\t\t\t\t\t\t\t\t\t\t\t\t\t\t<\/div>\n\t\t\t\t<\/div>\n\t\t\t\t\t<\/div>\n\t\t<\/div>\n\t\t\t\t<div class=\"elementor-column elementor-col-50 elementor-inner-column elementor-element elementor-element-2c69af6\" data-id=\"2c69af6\" data-element_type=\"column\">\n\t\t\t<div class=\"elementor-widget-wrap elementor-element-populated\">\n\t\t\t\t\t\t\t\t<div class=\"elementor-element elementor-element-29cc966f elementor-widget elementor-widget-heading\" data-id=\"29cc966f\" data-element_type=\"widget\" data-widget_type=\"heading.default\">\n\t\t\t\t<div class=\"elementor-widget-container\">\n\t\t\t<h2 class=\"elementor-heading-title elementor-size-default\"><a href=\"http:\/\/lizboninsaat.com\/index.php\/hakkimizda\/\">Hakk\u0131m\u0131zda<\/a><\/h2>\t\t<\/div>\n\t\t\t\t<\/div>\n\t\t\t\t<div class=\"elementor-element elementor-element-152a84aa elementor-widget elementor-widget-heading\" data-id=\"152a84aa\" data-element_type=\"widget\" data-widget_type=\"heading.default\">\n\t\t\t\t<div class=\"elementor-widget-container\">\n\t\t\t<h2 class=\"elementor-heading-title elementor-size-default\"><a href=\"http:\/\/lizboninsaat.com\/index.php\/vizyonumuz\/\">Vizyonumuz<\/a><\/h2>\t\t<\/div>\n\t\t\t\t<\/div>\n\t\t\t\t\t<\/div>\n\t\t<\/div>\n\t\t\t\t\t\t\t<\/div>\n\t\t<\/section>\n\t\t\t\t\t<\/div>\n\t\t<\/div>\n\t\t\t\t\t\t\t<\/div>\n\t\t<\/section>\n\t\t\t\t<section class=\"elementor-section elementor-top-section elementor-element elementor-element-6c121211 elementor-section-boxed elementor-section-height-default elementor-section-height-default\" data-id=\"6c121211\" data-element_type=\"section\" id=\"xs_footer_8\" data-settings=\"{&quot;background_background&quot;:&quot;classic&quot;}\">\n\t\t\t\t\t\t<div class=\"elementor-container elementor-column-gap-default\">\n\t\t\t\t\t<div class=\"elementor-column elementor-col-33 elementor-top-column elementor-element elementor-element-520dfa66\" data-id=\"520dfa66\" data-element_type=\"column\">\n\t\t\t<div class=\"elementor-widget-wrap elementor-element-populated\">\n\t\t\t\t\t\t\t\t<div class=\"elementor-element elementor-element-5aa81651 elementor-widget elementor-widget-image\" data-id=\"5aa81651\" data-element_type=\"widget\" data-widget_type=\"image.default\">\n\t\t\t\t<div class=\"elementor-widget-container\">\n\t\t\t\t\t\t\t\t\t\t\t\t\t\t\t\t<a href=\"http:\/\/www.imamigazali.online\/\">\n\t\t\t\t\t\t\t<img loading=\"lazy\" decoding=\"async\" width=\"768\" height=\"327\" src=\"http:\/\/lizboninsaat.com\/wp-content\/uploads\/2023\/07\/swd-768x327.png\" class=\"attachment-medium_large size-medium_large wp-image-626\" alt=\"\" srcset=\"http:\/\/lizboninsaat.com\/wp-content\/uploads\/2023\/07\/swd-768x327.png 768w, http:\/\/lizboninsaat.com\/wp-content\/uploads\/2023\/07\/swd-300x128.png 300w, http:\/\/lizboninsaat.com\/wp-content\/uploads\/2023\/07\/swd.png 1019w\" sizes=\"auto, (max-width: 768px) 100vw, 768px\" \/>\t\t\t\t\t\t\t\t<\/a>\n\t\t\t\t\t\t\t\t\t\t\t\t\t\t\t<\/div>\n\t\t\t\t<\/div>\n\t\t\t\t<div class=\"elementor-element elementor-element-34704cb0 elementor-widget elementor-widget-text-editor\" data-id=\"34704cb0\" data-element_type=\"widget\" data-widget_type=\"text-editor.default\">\n\t\t\t\t<div class=\"elementor-widget-container\">\n\t\t\t\t\t\t\t<p>Bir Yat\u0131r\u0131m Uzman\u0131 Gerektirmez<\/p>\t\t\t\t\t\t<\/div>\n\t\t\t\t<\/div>\n\t\t\t\t<div class=\"elementor-element elementor-element-1f2732d6 elementor-widget elementor-widget-elementskit-social-media\" data-id=\"1f2732d6\" data-element_type=\"widget\" data-widget_type=\"elementskit-social-media.default\">\n\t\t\t\t<div class=\"elementor-widget-container\">\n\t\t\t<div class=\"ekit-wid-con\" >\t\t\t <ul class=\"ekit_social_media\">\n\t\t\t\t\t\t\t\t\t\t\t\t\t\t<li class=\"elementor-repeater-item-da8f4de\">\n\t\t\t\t\t    <a\n\t\t\t\t\t\thref=\"#\" aria-label=\"Facebook\" class=\"f\" >\n\t\t\t\t\t\t\t\t\t\t\t\t\t\t\n\t\t\t\t\t\t\t<i aria-hidden=\"true\" class=\"fab fa-facebook-f\"><\/i>\t\t\t\t\t\t\t\t\t\n                                                                                                            <\/a>\n                    <\/li>\n                    \t\t\t\t\t\t\t\t\t\t\t\t\t\t<li class=\"elementor-repeater-item-1399011\">\n\t\t\t\t\t    <a\n\t\t\t\t\t\thref=\"#\" aria-label=\"Twitter\" class=\"twitter\" >\n\t\t\t\t\t\t\t\t\t\t\t\t\t\t\n\t\t\t\t\t\t\t<i aria-hidden=\"true\" class=\"fab fa-twitter\"><\/i>\t\t\t\t\t\t\t\t\t\n                                                                                                            <\/a>\n                    <\/li>\n                    \t\t\t\t\t\t\t\t\t\t\t\t\t\t<li class=\"elementor-repeater-item-c8596be\">\n\t\t\t\t\t    <a\n\t\t\t\t\t\thref=\"#\" aria-label=\"Instagram\" class=\"instagram\" >\n\t\t\t\t\t\t\t\t\t\t\t\t\t\t\n\t\t\t\t\t\t\t<i aria-hidden=\"true\" class=\"fab fa-instagram\"><\/i>\t\t\t\t\t\t\t\t\t\n                                                                                                            <\/a>\n                    <\/li>\n                    \t\t\t\t\t\t\t<\/ul>\n\t\t<\/div>\t\t<\/div>\n\t\t\t\t<\/div>\n\t\t\t\t\t<\/div>\n\t\t<\/div>\n\t\t\t\t<div class=\"elementor-column elementor-col-33 elementor-top-column elementor-element elementor-element-8365802\" data-id=\"8365802\" data-element_type=\"column\">\n\t\t\t<div class=\"elementor-widget-wrap elementor-element-populated\">\n\t\t\t\t\t\t\t\t<section class=\"elementor-section elementor-inner-section elementor-element elementor-element-00860dd elementor-section-boxed elementor-section-height-default elementor-section-height-default\" data-id=\"00860dd\" data-element_type=\"section\">\n\t\t\t\t\t\t<div class=\"elementor-container elementor-column-gap-default\">\n\t\t\t\t\t<div class=\"elementor-column elementor-col-100 elementor-inner-column elementor-element elementor-element-b1d518f elementor-hidden-mobile\" data-id=\"b1d518f\" data-element_type=\"column\">\n\t\t\t<div class=\"elementor-widget-wrap elementor-element-populated\">\n\t\t\t\t\t\t\t\t<div class=\"elementor-element elementor-element-048b790 elementor-widget__width-initial elementor-widget elementor-widget-image-gallery\" data-id=\"048b790\" data-element_type=\"widget\" data-widget_type=\"image-gallery.default\">\n\t\t\t\t<div class=\"elementor-widget-container\">\n\t\t\t<style>\/*! elementor - v3.14.0 - 26-06-2023 *\/\n.elementor-image-gallery .gallery-item{display:inline-block;text-align:center;vertical-align:top;width:100%;max-width:100%;margin:0 auto}.elementor-image-gallery .gallery-item img{margin:0 auto}.elementor-image-gallery .gallery-item .gallery-caption{margin:0}.elementor-image-gallery figure img{display:block}.elementor-image-gallery figure figcaption{width:100%}.gallery-spacing-custom .elementor-image-gallery .gallery-icon{padding:0}@media (min-width:768px){.elementor-image-gallery .gallery-columns-2 .gallery-item{max-width:50%}.elementor-image-gallery .gallery-columns-3 .gallery-item{max-width:33.33%}.elementor-image-gallery .gallery-columns-4 .gallery-item{max-width:25%}.elementor-image-gallery .gallery-columns-5 .gallery-item{max-width:20%}.elementor-image-gallery .gallery-columns-6 .gallery-item{max-width:16.666%}.elementor-image-gallery .gallery-columns-7 .gallery-item{max-width:14.28%}.elementor-image-gallery .gallery-columns-8 .gallery-item{max-width:12.5%}.elementor-image-gallery .gallery-columns-9 .gallery-item{max-width:11.11%}.elementor-image-gallery .gallery-columns-10 .gallery-item{max-width:10%}}@media (min-width:480px) and (max-width:767px){.elementor-image-gallery .gallery.gallery-columns-2 .gallery-item,.elementor-image-gallery .gallery.gallery-columns-3 .gallery-item,.elementor-image-gallery .gallery.gallery-columns-4 .gallery-item,.elementor-image-gallery .gallery.gallery-columns-5 .gallery-item,.elementor-image-gallery .gallery.gallery-columns-6 .gallery-item,.elementor-image-gallery .gallery.gallery-columns-7 .gallery-item,.elementor-image-gallery .gallery.gallery-columns-8 .gallery-item,.elementor-image-gallery .gallery.gallery-columns-9 .gallery-item,.elementor-image-gallery .gallery.gallery-columns-10 .gallery-item{max-width:50%}}@media (max-width:479px){.elementor-image-gallery .gallery.gallery-columns-2 .gallery-item,.elementor-image-gallery .gallery.gallery-columns-3 .gallery-item,.elementor-image-gallery .gallery.gallery-columns-4 .gallery-item,.elementor-image-gallery .gallery.gallery-columns-5 .gallery-item,.elementor-image-gallery .gallery.gallery-columns-6 .gallery-item,.elementor-image-gallery .gallery.gallery-columns-7 .gallery-item,.elementor-image-gallery .gallery.gallery-columns-8 .gallery-item,.elementor-image-gallery .gallery.gallery-columns-9 .gallery-item,.elementor-image-gallery .gallery.gallery-columns-10 .gallery-item{max-width:100%}}<\/style>\t\t<div class=\"elementor-image-gallery\">\n\t\t\t<div id='gallery-1' class='gallery galleryid-676 gallery-columns-2 gallery-size-medium'><figure class='gallery-item'>\n\t\t\t<div class='gallery-icon landscape'>\n\t\t\t\t<a data-elementor-open-lightbox=\"yes\" data-elementor-lightbox-slideshow=\"048b790\" data-elementor-lightbox-title=\"WhatsApp-Image-2023-06-22-at-16.28.50.jpeg\" data-e-action-hash=\"#elementor-action%3Aaction%3Dlightbox%26settings%3DeyJpZCI6NjA0LCJ1cmwiOiJodHRwOlwvXC9saXpib25pbnNhYXQuY29tXC93cC1jb250ZW50XC91cGxvYWRzXC8yMDIzXC8wN1wvV2hhdHNBcHAtSW1hZ2UtMjAyMy0wNi0yMi1hdC0xNi4yOC41MC5qcGVnIiwic2xpZGVzaG93IjoiMDQ4Yjc5MCJ9\" href='http:\/\/lizboninsaat.com\/wp-content\/uploads\/2023\/07\/WhatsApp-Image-2023-06-22-at-16.28.50.jpeg'><img loading=\"lazy\" decoding=\"async\" width=\"300\" height=\"225\" src=\"http:\/\/lizboninsaat.com\/wp-content\/uploads\/2023\/07\/WhatsApp-Image-2023-06-22-at-16.28.50-300x225.jpeg\" class=\"attachment-medium size-medium\" alt=\"\" srcset=\"http:\/\/lizboninsaat.com\/wp-content\/uploads\/2023\/07\/WhatsApp-Image-2023-06-22-at-16.28.50-300x225.jpeg 300w, http:\/\/lizboninsaat.com\/wp-content\/uploads\/2023\/07\/WhatsApp-Image-2023-06-22-at-16.28.50-768x576.jpeg 768w, http:\/\/lizboninsaat.com\/wp-content\/uploads\/2023\/07\/WhatsApp-Image-2023-06-22-at-16.28.50.jpeg 1024w\" sizes=\"auto, (max-width: 300px) 100vw, 300px\" \/><\/a>\n\t\t\t<\/div><\/figure><figure class='gallery-item'>\n\t\t\t<div class='gallery-icon landscape'>\n\t\t\t\t<a data-elementor-open-lightbox=\"yes\" data-elementor-lightbox-slideshow=\"048b790\" data-elementor-lightbox-title=\"WhatsApp-Image-2023-06-22-at-16.28.51.jpeg\" data-e-action-hash=\"#elementor-action%3Aaction%3Dlightbox%26settings%3DeyJpZCI6NjA1LCJ1cmwiOiJodHRwOlwvXC9saXpib25pbnNhYXQuY29tXC93cC1jb250ZW50XC91cGxvYWRzXC8yMDIzXC8wN1wvV2hhdHNBcHAtSW1hZ2UtMjAyMy0wNi0yMi1hdC0xNi4yOC41MS5qcGVnIiwic2xpZGVzaG93IjoiMDQ4Yjc5MCJ9\" href='http:\/\/lizboninsaat.com\/wp-content\/uploads\/2023\/07\/WhatsApp-Image-2023-06-22-at-16.28.51.jpeg'><img loading=\"lazy\" decoding=\"async\" width=\"300\" height=\"225\" src=\"http:\/\/lizboninsaat.com\/wp-content\/uploads\/2023\/07\/WhatsApp-Image-2023-06-22-at-16.28.51-300x225.jpeg\" class=\"attachment-medium size-medium\" alt=\"\" srcset=\"http:\/\/lizboninsaat.com\/wp-content\/uploads\/2023\/07\/WhatsApp-Image-2023-06-22-at-16.28.51-300x225.jpeg 300w, http:\/\/lizboninsaat.com\/wp-content\/uploads\/2023\/07\/WhatsApp-Image-2023-06-22-at-16.28.51-768x576.jpeg 768w, http:\/\/lizboninsaat.com\/wp-content\/uploads\/2023\/07\/WhatsApp-Image-2023-06-22-at-16.28.51.jpeg 1024w\" sizes=\"auto, (max-width: 300px) 100vw, 300px\" \/><\/a>\n\t\t\t<\/div><\/figure><figure class='gallery-item'>\n\t\t\t<div class='gallery-icon landscape'>\n\t\t\t\t<a data-elementor-open-lightbox=\"yes\" data-elementor-lightbox-slideshow=\"048b790\" data-elementor-lightbox-title=\"WhatsApp-Image-2023-06-22-at-16.28.49.jpeg\" data-e-action-hash=\"#elementor-action%3Aaction%3Dlightbox%26settings%3DeyJpZCI6NjA2LCJ1cmwiOiJodHRwOlwvXC9saXpib25pbnNhYXQuY29tXC93cC1jb250ZW50XC91cGxvYWRzXC8yMDIzXC8wN1wvV2hhdHNBcHAtSW1hZ2UtMjAyMy0wNi0yMi1hdC0xNi4yOC40OS5qcGVnIiwic2xpZGVzaG93IjoiMDQ4Yjc5MCJ9\" href='http:\/\/lizboninsaat.com\/wp-content\/uploads\/2023\/07\/WhatsApp-Image-2023-06-22-at-16.28.49.jpeg'><img loading=\"lazy\" decoding=\"async\" width=\"300\" height=\"230\" src=\"http:\/\/lizboninsaat.com\/wp-content\/uploads\/2023\/07\/WhatsApp-Image-2023-06-22-at-16.28.49-300x230.jpeg\" class=\"attachment-medium size-medium\" alt=\"\" srcset=\"http:\/\/lizboninsaat.com\/wp-content\/uploads\/2023\/07\/WhatsApp-Image-2023-06-22-at-16.28.49-300x230.jpeg 300w, http:\/\/lizboninsaat.com\/wp-content\/uploads\/2023\/07\/WhatsApp-Image-2023-06-22-at-16.28.49-768x588.jpeg 768w, http:\/\/lizboninsaat.com\/wp-content\/uploads\/2023\/07\/WhatsApp-Image-2023-06-22-at-16.28.49.jpeg 1024w\" sizes=\"auto, (max-width: 300px) 100vw, 300px\" \/><\/a>\n\t\t\t<\/div><\/figure><figure class='gallery-item'>\n\t\t\t<div class='gallery-icon landscape'>\n\t\t\t\t<a data-elementor-open-lightbox=\"yes\" data-elementor-lightbox-slideshow=\"048b790\" data-elementor-lightbox-title=\"WhatsApp-Image-2023-06-22-at-16.28.48.jpeg\" data-e-action-hash=\"#elementor-action%3Aaction%3Dlightbox%26settings%3DeyJpZCI6NjA3LCJ1cmwiOiJodHRwOlwvXC9saXpib25pbnNhYXQuY29tXC93cC1jb250ZW50XC91cGxvYWRzXC8yMDIzXC8wN1wvV2hhdHNBcHAtSW1hZ2UtMjAyMy0wNi0yMi1hdC0xNi4yOC40OC5qcGVnIiwic2xpZGVzaG93IjoiMDQ4Yjc5MCJ9\" href='http:\/\/lizboninsaat.com\/wp-content\/uploads\/2023\/07\/WhatsApp-Image-2023-06-22-at-16.28.48.jpeg'><img loading=\"lazy\" decoding=\"async\" width=\"300\" height=\"175\" src=\"http:\/\/lizboninsaat.com\/wp-content\/uploads\/2023\/07\/WhatsApp-Image-2023-06-22-at-16.28.48-300x175.jpeg\" class=\"attachment-medium size-medium\" alt=\"\" srcset=\"http:\/\/lizboninsaat.com\/wp-content\/uploads\/2023\/07\/WhatsApp-Image-2023-06-22-at-16.28.48-300x175.jpeg 300w, http:\/\/lizboninsaat.com\/wp-content\/uploads\/2023\/07\/WhatsApp-Image-2023-06-22-at-16.28.48-768x449.jpeg 768w, http:\/\/lizboninsaat.com\/wp-content\/uploads\/2023\/07\/WhatsApp-Image-2023-06-22-at-16.28.48.jpeg 1024w\" sizes=\"auto, (max-width: 300px) 100vw, 300px\" \/><\/a>\n\t\t\t<\/div><\/figure>\n\t\t<\/div>\n\t\t<\/div>\n\t\t\t\t<\/div>\n\t\t\t\t<\/div>\n\t\t\t\t\t<\/div>\n\t\t<\/div>\n\t\t\t\t\t\t\t<\/div>\n\t\t<\/section>\n\t\t\t\t\t<\/div>\n\t\t<\/div>\n\t\t\t\t<div class=\"elementor-column elementor-col-33 elementor-top-column elementor-element elementor-element-1fe0a855\" data-id=\"1fe0a855\" data-element_type=\"column\">\n\t\t\t<div class=\"elementor-widget-wrap elementor-element-populated\">\n\t\t\t\t\t\t\t\t<div class=\"elementor-element elementor-element-44ae9f9c elementor-widget elementor-widget-heading\" data-id=\"44ae9f9c\" data-element_type=\"widget\" data-widget_type=\"heading.default\">\n\t\t\t\t<div class=\"elementor-widget-container\">\n\t\t\t<h2 class=\"elementor-heading-title elementor-size-default\">Bizden Haberdar Olun<\/h2>\t\t<\/div>\n\t\t\t\t<\/div>\n\t\t\t\t<div class=\"elementor-element elementor-element-2b418b6d elementor-widget elementor-widget-shortcode\" data-id=\"2b418b6d\" data-element_type=\"widget\" data-widget_type=\"shortcode.default\">\n\t\t\t\t<div class=\"elementor-widget-container\">\n\t\t\t\t\t<div class=\"elementor-shortcode\">\n<div class=\"wpcf7 no-js\" id=\"wpcf7-f791-o1\" lang=\"tr-TR\" dir=\"ltr\">\n<div class=\"screen-reader-response\"><p role=\"status\" aria-live=\"polite\" aria-atomic=\"true\"><\/p> <ul><\/ul><\/div>\n<form action=\"\/index.php\/wp-json\/wp\/v2\/pages\/676#wpcf7-f791-o1\" method=\"post\" class=\"wpcf7-form init\" aria-label=\"Contact form\" novalidate=\"novalidate\" data-status=\"init\">\n<div style=\"display: none;\">\n<input type=\"hidden\" name=\"_wpcf7\" value=\"791\" \/>\n<input type=\"hidden\" name=\"_wpcf7_version\" value=\"5.8\" \/>\n<input type=\"hidden\" name=\"_wpcf7_locale\" value=\"tr_TR\" \/>\n<input type=\"hidden\" name=\"_wpcf7_unit_tag\" value=\"wpcf7-f791-o1\" \/>\n<input type=\"hidden\" name=\"_wpcf7_container_post\" value=\"0\" \/>\n<input type=\"hidden\" name=\"_wpcf7_posted_data_hash\" value=\"\" \/>\n<\/div>\n<p><label><br \/>\n<span class=\"wpcf7-form-control-wrap\" data-name=\"your-name\"><input size=\"40\" class=\"wpcf7-form-control wpcf7-text wpcf7-validates-as-required\" aria-required=\"true\" aria-invalid=\"false\" placeholder=\"Ad\u0131 &amp; Soyad\" value=\"\" type=\"text\" name=\"your-name\" \/><\/span> <\/label>\n<\/p>\n<p><label><br \/>\n<span class=\"wpcf7-form-control-wrap\" data-name=\"your-email\"><input size=\"40\" class=\"wpcf7-form-control wpcf7-email wpcf7-validates-as-required wpcf7-text wpcf7-validates-as-email\" aria-required=\"true\" aria-invalid=\"false\" placeholder=\"Mail Adresiniz\" value=\"\" type=\"email\" name=\"your-email\" \/><\/span> <\/label>\n<\/p>\n<p><input class=\"wpcf7-form-control wpcf7-submit has-spinner\" type=\"submit\" value=\"G\u00f6nder\" \/>\n<\/p><div class=\"wpcf7-response-output\" aria-hidden=\"true\"><\/div>\n<\/form>\n<\/div>\n<\/div>\n\t\t\t\t<\/div>\n\t\t\t\t<\/div>\n\t\t\t\t\t<\/div>\n\t\t<\/div>\n\t\t\t\t\t\t\t<\/div>\n\t\t<\/section>\n\t\t\t\t\t\t\t<\/div>\n\t\t","protected":false},"excerpt":{"rendered":"<p>Misyonumuz Lizbon \u0130n\u015faat olarak, in\u015faat sekt\u00f6r\u00fcnde \u00f6nc\u00fc bir rol oynamay\u0131 ve m\u00fc\u015fterilerimize kaliteli hizmetler sunmay\u0131 misyon edinmekteyiz. Misyonumuz, m\u00fc\u015fteri memnuniyetini en \u00fcst d\u00fczeyde tutarak, g\u00fcvenilir, yenilik\u00e7i ve s\u00fcrd\u00fcr\u00fclebilir in\u015faat \u00e7\u00f6z\u00fcmleri sunmak ve projelerimizi zaman\u0131nda ve b\u00fct\u00e7eye uygun bir \u015fekilde tamamlamakt\u0131r.M\u00fc\u015fteri Memnuniyeti: M\u00fc\u015fterilerimizin ihtiya\u00e7lar\u0131n\u0131 anlamak ve beklentilerini a\u015fmak i\u00e7in \u00e7aba g\u00f6steririz. M\u00fc\u015fterilerimizin projelerimizden memnun ayr\u0131lmalar\u0131n\u0131 sa\u011flamak [&hellip;]<\/p>\n","protected":false},"author":1,"featured_media":0,"parent":0,"menu_order":0,"comment_status":"closed","ping_status":"closed","template":"","meta":{"footnotes":""},"class_list":["post-676","page","type-page","status-publish","hentry","entry"],"_links":{"self":[{"href":"http:\/\/lizboninsaat.com\/index.php\/wp-json\/wp\/v2\/pages\/676","targetHints":{"allow":["GET"]}}],"collection":[{"href":"http:\/\/lizboninsaat.com\/index.php\/wp-json\/wp\/v2\/pages"}],"about":[{"href":"http:\/\/lizboninsaat.com\/index.php\/wp-json\/wp\/v2\/types\/page"}],"author":[{"embeddable":true,"href":"http:\/\/lizboninsaat.com\/index.php\/wp-json\/wp\/v2\/users\/1"}],"replies":[{"embeddable":true,"href":"http:\/\/lizboninsaat.com\/index.php\/wp-json\/wp\/v2\/comments?post=676"}],"version-history":[{"count":24,"href":"http:\/\/lizboninsaat.com\/index.php\/wp-json\/wp\/v2\/pages\/676\/revisions"}],"predecessor-version":[{"id":1083,"href":"http:\/\/lizboninsaat.com\/index.php\/wp-json\/wp\/v2\/pages\/676\/revisions\/1083"}],"wp:attachment":[{"href":"http:\/\/lizboninsaat.com\/index.php\/wp-json\/wp\/v2\/media?parent=676"}],"curies":[{"name":"wp","href":"https:\/\/api.w.org\/{rel}","templated":true}]}}